is -ecbd + 2?
-ecbb
In base 9, what is 4841 - 4?
4836
In base 9, what is 6 + -14157?
-14151
In base 5, what is -2041 - 233140?
-240231
In base 10, what is 35 - -684?
719
In base 10, what is 10 - 11680?
-11670
In base 2, what is 110001 + -10000101100?
-1111111011
In base 9, what is -24 - 10323?
-10347
In base 13, what is 2 + -6158?
-6156
In base 16, what is 7 - -1f24?
1f2b
In base 6, what is -4 - -2221303?
2221255
In base 10, what is -3 - 1385977?
-1385980
In base 12, what is -27242b + 5?
-272426
In base 7, what is -43356 - 43?
-43432
In base 11, what is -63678 + 2?
-63676
In base 5, what is -2 - 402323?
-402330
In base 5, what is -12 + 41130331?
41130314
In base 6, what is 125221 - 22?
125155
In base 2, what is -11010011000111 + 11110?
-11010010101001
In base 9, what is 1662 + -1?
1661
In base 7, what is 6626 + 241?
10200
In base 12, what is -43 + -72?
-b5
In base 2, what is -1010 + -1001010010111110010?
-1001010010111111100
In base 12, what is -354a4 + 2?
-354a2
In base 15, what is -1 + 1183a?
11839
In base 4, what is -20201332 - -2322?
-20133010
In base 11, what is -29 - -449?
420
In base 13, what is -1cc + -64?
-263
In base 6, what is -113004 - 50?
-113054
In base 14, what is 1cbcb - -6?
1cbd3
In base 3, what is 121 - 200110000?
-200102102
In base 11, what is 79138 - 19?
7911a
In base 7, what is -2114 - -1?
-2113
In base 10, what is 3 + -5310?
-5307
In base 3, what is -10 + -110201102?
-110201112
In base 7, what is -10 + -12152?
-12162
In base 7, what is 1420310 + -3?
1420304
In base 4, what is 220032312 + 0?
220032312
In base 9, what is -15703 + -578?
-16382
In base 14, what is 15488 + -36?
15452
In base 10, what is 1 + -1095?
-1094
In base 14, what is 7 - 158a00?
-1589d7
In base 6, what is 125 + 14353?
14522
In base 12, what is -1476a + 61?
-14709
In base 14, what is 23 - -184?
1a7
In base 11, what is -a1 + 3140?
304a
In base 7, what is 1016015 - -4?
1016022
In base 16, what is -2eb - 43?
-32e
In base 10, what is -5 + 83948?
83943
In base 4, what is 3 + -1221312?
-1221303
In base 4, what is 1011 + 310313?
311330
In base 3, what is -20010 - -220201?
200121
In base 11, what is 680 - -30?
700
In base 16, what is 5 - 5b874?
-5b86f
In base 16, what is 7f83 + -3?
7f80
In base 8, what is 463325 + 0?
463325
In base 2, what is -10011010001 - 1000101?
-10100010110
In base 16, what is -15d3 - -2c?
-15a7
In base 13, what is 0 - -a2661?
a2661
In base 13, what is 13 - -1044?
1057
In base 5, what is -1112411 - 10?
-1112421
In base 9, what is 11583 + 12?
11605
In base 5, what is 20 + 1114233?
1114303
In base 13, what is -34668 + 5?
-34663
In base 14, what is -8 - -51008?
51000
In base 12, what is -8240 - -4?
-8238
In base 7, what is 22 - 140463?
-140441
In base 6, what is 14421 + -54?
14323
In base 3, what is -20120201 + 111212?
-20001212
In base 9, what is -1118 - -2688?
1570
In base 8, what is 75 + 47742?
50037
In base 3, what is 10112021122210 - 0?
10112021122210
In base 4, what is -10210323233 + -3?
-10210323302
In base 4, what is -2 + -23?
-31
In base 7, what is -160 + -32021?
-32211
In base 4, what is -1 + -10111233?
-10111300
In base 7, what is -446 - -15300?
14521
In base 10, what is 5 + -380380?
-380375
In base 6, what is -52032 - -22?
-52010
In base 14, what is -1a9 - 68?
-233
In base 5, what is -2033130 + -11?
-2033141
In base 9, what is 87027 + -2?
87025
In base 16, what is 41 + -163?
-122
In base 6, what is -5 - 3331032?
-3331041
In base 14, what is ab04 - c?
aad6
In base 11, what is -14 + 37a15?
37a01
In base 9, what is 18054 + -12?
18042
In base 13, what is 3 - 1a03c4?
-1a03c1
In base 8, what is -1630 - -16047?
14217
In base 5, what is 13043021 + -2?
13043014
In base 9, what is -827 - -353?
-464
In base 7, what is 1131 - 1614?
-453
In base 10, what is -60710 + 2?
-60708
In base 10, what is 50 - -42267?
42317
In base 2, what is -1000101111010000 + 1110?
-1000101111000010
In base 3, what is 11 + 102020011000?
102020011011
In base 7, what is -162 - 1155?
-1350
In base 10, what is -3 + 13127?
13124
In base 7, what is 12 + -134051?
-134036
In base 6, what is -221501 - -5?
-221452
In base 8, what is -11 + 7001?
6770
In base 11, what is -15365 + -4?
-15369
In base 8, what is 7330 - -147?
7477
In base 16, what is -5 + -21d4?
-21d9
In base 9, what is 12 + -8265?
-8253
In base 3, what is 1 - 211002110?
-211002102
In base 13, what is -6b - -483c?
47a1
In base 16, what is 0 + 2a41f?
2a41f
In base 12, what is 4 + 2872a?
28732
In base 4, what is 3231321300 + -10?
3231321230
In base 4, what is -10020322 - 1120?
-10022102
In base 11, what is 421 - 38?
394
In base 12, what is -139749 + 5?
-139744
In base 16, what is 2de79 - b?
2de6e
In base 16, what is -23a + -6cc?
-906
In base 9, what is 2 - 268144?
-268142
In base 11, what is 0 - -268071?
268071
In base 16, what is -e0e5 - -6?
-e0df
In base 12, what is 51b7 + -91?
5126
In base 8, what is 173 - -700?
1073
In base 7, what is 11053 + 6?
11062
In base 6, what is 20134 + 34?
20212
In base 6, what is -3001241 - 4?
-3001245
In base 6, what is -4 - -31202?
31154
In base 9, what is 11 - 36505?
-36484
In base 13, what is -13b4 - 41?
-1425
In base 4, what is 331203 + -1213?
323330
In base 4, what is -110213212 - 10?
-110213222
In base 10, what is 23 + 3071?
3094
In base 7, what is 3 - -66212?
66215
In base 14, what is -178 + 147?
-31
In base 13, what is 58288 + -b?
5827a
In base 6, what is 120130331 + -2?
120130325
In base 4, what is -2331 + 1013112?
1010121
In base 16, what is 1175 + -2?
1173
In base 8, what is 7 - -306427?
306436
In base 10, what is 1185313 + -2?
1185311
In base 8, what is -16556 + -15?
-16573
In base 4, what is 2 + -322130022?
-322130020
In base 6, what is -30041251 + -3?
-30041254
In base 16, what is -3 - 736?
-739
In base 4, what is 1011322 + -20?
1011302
In base 5, what is 434 + -2032?
-1043
In base 8, what is 23 + -26316?
-26273
In base 16, what is -2a + 3e7?
3bd
In base 5, what is 1103 - 1412421?
-1411313
In base 2, what is 1100101100 + 1010000111?
10110110011
In base 12, what is -114a + -33?
-1181
In base 2, what is -10101110 + -1010000?
-11111110
In base 4, what is -1 - 2210220?
-2210221
In base 9, what is 3002 - -30?
3032
In base 14, what is 41d - 573?
-154
In base 16, what is 3 + -12f2d?
-12f2a
In base 4, what is 1113 + 1121?
2300
In base 12, what is -171646 - 1?
-171647
In base 13, what is 22ca + -3?
22c7
In base 3, what is -10 - -2211120202?
2211120122
In base 8, what is -3051 - 253?
-3324
In base 4, what is 1030 - 111200?
-110110
In base 15, what is -2 + -813e?
-8141
In base 7, what is 3003 - -15?
3021
In base 14, what is -247 + -11?
-258
In base 4, what is 221 - -2320111?
2320332
In base 3, what is 21221 - 100220210?
-100121212
In base 11, what is 7 - -4605?
4611
In base 12, what is 4 - 2822?
-281a
In base 16, what is -5a039 - -3?
-5a036
In base 11, what is -1 + 19791?
19790
In base 10, what is -1870445 - 3?
-1870448
In base 11, what is -50 + 9a65?
9a15
In base 3, what is 201 + -11202122102?
-11202121201
In base 11, what is -423 - 83?
-4a6
In base 2, what is 11100 - -1000010000?
1000101100
In base 2, what is -10101100 - -1111001111000?
1110111001100
In base 11, what is 9 + -1a43a?
-1a431
In base 4, what is -2002 - 203032?
-211100
In base 9, what is -5811 - 4?
-5815
In base 15, what is 26 + 2638?
265e
In base 7, what is 20423 - -33?
20456
In base 15, what is 16 + -d98?
-d82
In base 6, what is 13450 - -123?
14013
In base 8, what is 7631424 + 4?
7631430
In base 15, what is 5e51 - 1?
5e50
In base 13, what is -10a43 + -3?
-10a46
In base 7, what is 2263623 + 1?
2263624
In base 3, what is 1 + 1201002?
1201010
In base 3, what is 12011202022 + -12?
12011202010
In base 15, what is 1 - a1c0?
-a1be
In base 13, what is -1 + -5996c?
-59970
In base 7, what is 1012204 + 21?
1012225
In base 12, what is 2 + 3801?
3803
In base 15, what is -505c - 2?
-505e
In base 4, what is 32 + -1131?
-1033
In base 10, what is -124139 - -4?
-124135
In base 3, what is 2111022 + -2212?
2101110
In base 6, what is -132101 - 52?
-132153
In base 4, what is -2312103 + -3?
-2312112
In base 14, what is -16684 + -2?
-16686
In base 16, what is -3c - f18e?
-f1ca
In base 12, what is -9157 + -5?
-9160
In base 6, what is -2 - 3020313?
-3020315
In base 11, what is -7038 - 3?
-7040
In base 4, what is 122331 - 2032?
120233
In bas